e factors of 1320.
2, 3, 5, 11
What are the prime factors of 3842?
2, 17, 113
List the prime factors of 473.
11, 43
What are the prime factors of 676?
2, 13
What are the prime factors of 1258?
2, 17, 37
What are the prime factors of 955?
5, 191
List the prime factors of 44514.
2, 3, 2473
List the prime factors of 1192.
2, 149
List the prime factors of 2479.
37, 67
What are the prime factors of 12199?
11, 1109
List the prime factors of 1714.
2, 857
List the prime factors of 32043.
3, 11, 971
List the prime factors of 4865.
5, 7, 139
List the prime factors of 19484.
2, 4871
List the prime factors of 11198.
2, 11, 509
List the prime factors of 1514.
2, 757
What are the prime factors of 1296?
2, 3
What are the prime factors of 1908?
2, 3, 53
What are the prime factors of 1066?
2, 13, 41
List the prime factors of 5024.
2, 157
List the prime factors of 4133.
4133
What are the prime factors of 2861?
2861
What are the prime factors of 1503?
3, 167
List the prime factors of 5083.
13, 17, 23
What are the prime factors of 20019?
3, 6673
List the prime factors of 43037.
43037
List the prime factors of 717.
3, 239
List the prime factors of 992.
2, 31
What are the prime factors of 146?
2, 73
List the prime factors of 3831.
3, 1277
What are the prime factors of 2461?
23, 107
What are the prime factors of 82746?
2, 3, 4597
List the prime factors of 6038.
2, 3019
List the prime factors of 5658.
2, 3, 23, 41
List the prime factors of 22195.
5, 23, 193
What are the prime factors of 32290?
2, 5, 3229
What are the prime factors of 8933?
8933
List the prime factors of 1733.
1733
List the prime factors of 14027.
13, 83
List the prime factors of 16401.
3, 7, 11, 71
What are the prime factors of 1224?
2, 3, 17
List the prime factors of 12125.
5, 97
List the prime factors of 807.
3, 269
List the prime factors of 1288.
2, 7, 23
List the prime factors of 690.
2, 3, 5, 23
List the prime factors of 13171.
13171
What are the prime factors of 839?
839
What are the prime factors of 15970?
2, 5, 1597
What are the prime factors of 145766?
2, 72883
List the prime factors of 18407.
79, 233
What are the prime factors of 28476?
2, 3, 7, 113
List the prime factors of 3097.
19, 163
What are the prime factors of 98587?
311, 317
What are the prime factors of 6383?
13, 491
What are the prime factors of 24377?
19, 1283
What are the prime factors of 12744?
2, 3, 59
List the prime factors of 27318.
2, 3, 29, 157
What are the prime factors of 695?
5, 139
What are the prime factors of 20195?
5, 7, 577
What are the prime factors of 1888?
2, 59
What are the prime factors of 1137?
3, 379
List the prime factors of 92024.
2, 11503
List the prime factors of 995.
5, 199
List the prime factors of 2596.
2, 11, 59
List the prime factors of 49374.
2, 3, 13, 211
What are the prime factors of 64488?
2, 3, 2687
What are the prime factors of 12975?
3, 5, 173
List the prime factors of 38070.
2, 3, 5, 47
List the prime factors of 11157.
3, 3719
What are the prime factors of 25676?
2, 7, 131
What are the prime factors of 25625?
5, 41
List the prime factors of 2624.
2, 41
List the prime factors of 1648.
2, 103
List the prime factors of 18027.
3, 2003
What are the prime factors of 766?
2, 383
What are the prime factors of 4372?
2, 1093
List the prime factors of 1747.
1747
What are the prime factors of 1559?
1559
List the prime factors of 12199.
11, 1109
What are the prime factors of 3526?
2, 41, 43
List the prime factors of 10322.
2, 13, 397
What are the prime factors of 2193?
3, 17, 43
List the prime factors of 894.
2, 3, 149
What are the prime factors of 472?
2, 59
List the prime factors of 73782.
2, 3, 4099
What are the prime factors of 6812?
2, 13, 131
List the prime factors of 4657.
4657
List the prime factors of 52790.
2, 5, 5279
What are the prime factors of 882?
2, 3, 7
What are the prime factors of 4649?
4649
List the prime factors of 30066.
2, 3, 5011
List the prime factors of 67569.
3, 101, 223
What are the prime factors of 66077?
11, 6007
List the prime factors of 222.
2, 3, 37
List the prime factors of 49575.
3, 5, 661
What are the prime factors of 16026?
2, 3, 2671
What are the prime factors of 152?
2, 19
List the prime factors of 10496.
2, 41
What are the prime factors of 21869?
19, 1151
What are the prime factors of 518?
2, 7, 37
What are the prime factors of 16216?
2, 2027
List the prime factors of 4728.
2, 3, 197
List the prime factors of 32718.
2, 3, 7, 19, 41
What are the prime factors of 14525?
5, 7, 83
What are the prime factors of 18831?
3, 6277
List the prime factors of 115747.
283, 409
List the prime factors of 293.
293
What are the prime factors of 27693?
3, 17, 181
What are the prime factors of 56198?
2, 28099
What are the prime factors of 511?
7, 73
List the prime factors of 81897.
3, 27299
List the prime factors of 151741.
41, 3701
What are the prime factors of 107559?
3, 17, 19, 37
List the prime factors of 496.
2, 31
List the prime factors of 6026.
2, 23, 131
What are the prime factors of 977?
977
List the prime factors of 1966.
2, 983
List the prime factors of 325.
5, 13
What are the prime factors of 6649?
61, 109
List the prime factors of 272.
2, 17
List the prime factors of 71903.
13, 5531
What are the prime factors of 4683?
3, 7, 223
What are the prime factors of 1035?
3, 5, 23
List the prime factors of 6168.
2, 3, 257
What are the prime factors of 50652?
2, 3, 7, 67
What are the prime factors of 21110?
2, 5, 2111
List the prime factors of 2059.
29, 71
What are the prime factors of 8939?
7, 1277
What are the prime factors of 1751?
17, 103
What are the prime factors of 5539?
29, 191
List the prime factors of 58013.
58013
List the prime factors of 70036.
2, 17509
List the prime factors of 3423.
3, 7, 163
List the prime factors of 592.
2, 37
What are the prime factors of 28311?
3, 9437
What are the prime factors of 18568?
2, 11, 211
List the prime factors of 4705.
5, 941
List the prime factors of 2802.
2, 3, 467
List the prime factors of 4618.
2, 2309
List the prime factors of 3439.
19, 181
List the prime factors of 10577.
7, 1511
What are the prime factors of 16414?
2, 29, 283
List the prime factors of 98703.
3, 11, 997
List the prime factors of 23632.
2, 7, 211
List the prime factors of 36017.
36017
What are the prime factors of 138817?
7, 2833
What are the prime factors of 60928?
2, 7, 17
What are the prime factors of 1965?
3, 5, 131
List the prime factors of 1387.
19, 73
List the prime factors of 3154.
2, 19, 83
List the prime factors of 2200.
2, 5, 11
What are the prime factors of 21015?
3, 5, 467
List the prime factors of 5246.
2, 43, 61
List the prime factors of 52510.
2, 5, 59, 89
List the prime factors of 170.
2, 5, 17
List the prime factors of 4337.
4337
List the prime factors of 838.
2, 419
List the prime factors of 3958.
2, 1979
What are the prime factors of 4080?
2, 3, 5, 17
List the prime factors of 843.
3, 281
List the prime factors of 20425.
5, 19, 43
List the prime factors of 1830.
2, 3, 5, 61
What are the prime factors of 97918?
2, 173, 283
List the prime factors of 11027.
11027
List the prime factors of 10688.
2, 167
List the prime factors of 9650.
2, 5, 193
List the prime factors of 2233.
7, 11, 29
List the prime factors of 24893.
11, 31, 73
List the prime factors of 81792.
2, 3, 71
List the prime factors of 18021.
3, 6007
What are the prime factors of 1792?
2, 7
List the prime factors of 4665.
3, 5, 311
List the prime factors of 5621.
7, 11, 73
List the prime factors of 3978.
2, 3, 13, 17
List the prime factors of 2433.
3, 811
What are the prime factors of 1365?
3, 5, 7, 13
What are the prime factors of 337?
337
What are the prime factors of 14115?
3, 5, 941
What are the prime factors of 3000?
2, 3, 5
What are the prime factors of 41055?
3, 5, 7, 17, 23
What are the prime factors of 845?
5, 13
List the prime factors of 3465.
3, 5, 7, 11
What are the prime factors of 200?
2, 5
What are the prime factors of 19552?
2, 13, 47
List the prime factors of 196.
2, 7
What are the prime factors of 495?
3, 5, 11
List the prime factors of 88021.
23, 43, 89
List the prime factors of 383.
383
What are the prime factors of 1796?
2, 449
What are the prime factors of 47019?
3, 7, 2239
List the prime factors of 1038.
2, 3, 173
What are the prime factors of 5024?
2, 157
Lis